9?
6
What is the millions digit of 8511659?
8
What is the hundred thousands digit of 1751076?
7
What is the thousands digit of 27949697?
9
What is the ten thousands digit of 187828?
8
What is the hundreds digit of 2023409?
4
What is the units digit of 231611?
1
What is the units digit of 53725?
5
What is the hundreds digit of 813944?
9
What is the ten thousands digit of 189428?
8
What is the thousands digit of 1902683?
2
What is the units digit of 1250923?
3
What is the hundreds digit of 151472?
4
What is the tens digit of 1111862?
6
What is the hundred thousands digit of 2297551?
2
What is the hundred thousands digit of 5038203?
0
What is the hundreds digit of 2297590?
5
What is the units digit of 719145?
5
What is the hundred thousands digit of 443298?
4
What is the hundred thousands digit of 1354792?
3
What is the thousands digit of 2137542?
7
What is the units digit of 3333909?
9
What is the units digit of 8058262?
2
What is the tens digit of 4065412?
1
What is the thousands digit of 262515?
2
What is the hundreds digit of 474971?
9
What is the thousands digit of 296010?
6
What is the ten thousands digit of 10019832?
1
What is the ten thousands digit of 1665290?
6
What is the millions digit of 13847171?
3
What is the ten thousands digit of 42515?
4
What is the units digit of 294845?
5
What is the hundreds digit of 207336?
3
What is the millions digit of 4961689?
4
What is the hundred thousands digit of 297955?
2
What is the hundred thousands digit of 391991?
3
What is the millions digit of 19124306?
9
What is the hundreds digit of 615669?
6
What is the hundreds digit of 581541?
5
What is the ten thousands digit of 10168684?
6
What is the thousands digit of 314666?
4
What is the tens digit of 1407948?
4
What is the ten thousands digit of 1088227?
8
What is the millions digit of 1589648?
1
What is the thousands digit of 7850516?
0
What is the units digit of 8326667?
7
What is the units digit of 1551028?
8
What is the units digit of 17988128?
8
What is the hundreds digit of 184600?
6
What is the hundreds digit of 212360?
3
What is the units digit of 79989?
9
What is the millions digit of 1119028?
1
What is the tens digit of 256809?
0
What is the tens digit of 7143868?
6
What is the hundred thousands digit of 1187559?
1
What is the thousands digit of 30179879?
9
What is the ten thousands digit of 13898?
1
What is the units digit of 4258506?
6
What is the thousands digit of 21654?
1
What is the thousands digit of 110442?
0
What is the units digit of 880868?
8
What is the tens digit of 13005146?
4
What is the units digit of 128044?
4
What is the hundreds digit of 151341?
3
What is the units digit of 6588762?
2
What is the units digit of 163198?
8
What is the tens digit of 2494135?
3
What is the thousands digit of 540983?
0
What is the units digit of 65528?
8
What is the ten thousands digit of 463871?
6
What is the ten thousands digit of 7789852?
8
What is the hundred thousands digit of 406404?
4
What is the hundred thousands digit of 25958700?
9
What is the ten thousands digit of 11515260?
1
What is the millions digit of 8422740?
8
What is the units digit of 2542282?
2
What is the ten millions digit of 15057406?
1
What is the units digit of 17104724?
4
What is the hundred thousands digit of 3979938?
9
What is the thousands digit of 290357?
0
What is the units digit of 20805259?
9
What is the ten thousands digit of 22593399?
9
What is the hundred thousands digit of 1193800?
1
What is the tens digit of 17087754?
5
What is the units digit of 143210?
0
What is the thousands digit of 2176409?
6
What is the units digit of 6227918?
8
What is the thousands digit of 3429845?
9
What is the units digit of 388401?
1
What is the ten thousands digit of 2873464?
7
What is the thousands digit of 430577?
0
What is the units digit of 102726?
6
What is the thousands digit of 3428560?
8
What is the tens digit of 28480?
8
What is the thousands digit of 2956648?
6
What is the thousands digit of 1141097?
1
What is the ten thousands digit of 4392892?
9
What is the ten thousands digit of 51241?
5
What is the thousands digit of 738420?
8
What is the ten thousands digit of 599021?
9
What is the tens digit of 23690534?
3
What is the ten thousands digit of 3226925?
2
What is the millions digit of 9096589?
9
What is the hundreds digit of 9619359?
3
What is the units digit of 199632?
2
What is the hundreds digit of 1484716?
7
What is the millions digit of 4569172?
4
What is the hundreds digit of 11342159?
1
What is the ten thousands digit of 3974939?
7
What is the tens digit of 710020?
2
What is the ten millions digit of 42415191?
4
What is the ten millions digit of 13403622?
1
What is the units digit of 142610?
0
What is the hundreds digit of 484162?
1
What is the millions digit of 8025173?
8
What is the millions digit of 4082661?
4
What is the thousands digit of 945684?
5
What is the units digit of 2632052?
2
What is the units digit of 285686?
6
What is the hundreds digit of 173449?
4
What is the thousands digit of 3455536?
5
What is the millions digit of 6629335?
6
What is the millions digit of 5029068?
5
What is the thousands digit of 124165?
4
What is the ten thousands digit of 10240?
1
What is the millions digit of 5438879?
5
What is the thousands digit of 4643331?
3
What is the thousands digit of 6966799?
6
What is the ten thousands digit of 385034?
8
What is the tens digit of 1786509?
0
What is the hundred thousands digit of 293917?
2
What is the units digit of 5476422?
2
What is the thousands digit of 9002650?
2
What is the ten thousands digit of 151334?
5
What is the units digit of 151450?
0
What is the hundred thousands digit of 1515094?
5
What is the hundred thousands digit of 101419?
1
What is the thousands digit of 22436?
2
What is the ten thousands digit of 12244034?
4
What is the hundreds digit of 384619?
6
What is the ten thousands digit of 491897?
9
What is the tens digit of 143830?
3
What is the units digit of 11905800?
0
What is the hundreds digit of 18562884?
8
What is the hundreds digit of 982057?
0
What is the hundreds digit of 399913?
9
What is the units digit of 424033?
3
What is the hundreds digit of 363712?
7
What is the ten thousands digit of 114736?
1
What is the tens digit of 2982592?
9
What is the units digit of 1516315?
5
What is the units digit of 758724?
4
What is the millions digit of 1690225?
1
What is the tens digit of 16709?
0
What is the ten millions digit of 13680981?
1
What is the thousands digit of 205514?
5
What is the hundred thousands digit of 11368580?
3
What is the millions digit of 3002750?
3
What is the hundreds digit of 972719?
7
What is the thousands digit of 597341?
7
What is the tens digit of 981192?
9
What is the hundred thousands digit of 220202?
2
What is the ten thousands digit of 28284071?
8
What is the hundreds digit of 762893?
8
What is the hundreds digit of 316624?
6
What is the tens digit of 1742494?
9
What is the ten thousands digit of 183643?
8
What is the ten thousands digit of 230091?
3
What is the hundreds digit of 3320925?
9
What is the hundred thousands digit of 1290840?
2
What is the ten millions digit of 10223936?
1
What is the units digit of 883611?
1
What is the ten thousands digit of 2880926?
8
What is the units digit of 16290193?
3
What is the tens digit of 347449?
4
What is the ten thousands digit of 236005?
3
What is the millions digit of 18031951?
8
What is the thousands digit of 467172?
7
What is the thousands digit of 3870?
3
What is the ten thousands digit of 5180261?
8
What is the hundreds digit of 261277?
2
What is the ten thousands digit of 7395827?
9
What is the tens digit of 1545082?
8
What is the millions digit of 5399059?
5
What is the ten thousands digit of 130748?
3
What is the hundred thousands digit of 304659?
3
What is the tens digit of 197950?
5
What is the hundred thousands digit of 3792215?
7
What is the hundreds digit of 4968623?
6
What is the ten thousands digit of 108708?
0
What is the ten thousands digit of 138639?
3
What is the units digit of 242251?
1
What is the units digit of 4112432?
2
What is the ten thousands digit of 32928?
3
What is the thousands digit of 7699770?
9
What is the hundred thousands digit of 4033224?
0
What is the hundreds digit of 1831410?
4
What is 